 2*t**2 - 2*t - 1. Let o be f(-1). Suppose -2 = o*u - 20. Calculate the remainder when 16 is divided by u.
4
Suppose 0 = -3*p - 5*x + 292, 6*p = 3*p + 5*x + 302. What is the remainder when p is divided by (-10)/(4*((-42)/20 - -2))?
24
Let c be (-87)/(-6) - 1/(-2). Suppose 0 = -4*p - 2*m - 42, -2*p - m + c = -4*p. Let h = 4 - p. What is the remainder when 25 is divided by h?
12
Suppose 1 - 7 = -3*z. Suppose 2*s = 6 - z. What is the remainder when s is divided by 0 + (-2 - 0)/(-1)?
0
Suppose -6*g + 3*z + 287 = -2*g, 3*g - 231 = -3*z. What is the remainder when g is divided by 20?
14
Suppose -25 = -r - 5*l, -3*r - 4*l = r - 36. Suppose 0*z = r*z - 100. Calculate the remainder when 59 is divided by z.
19
What is the remainder when (55 + -6)/((1 + -2)/(-1)) is divided by 25?
24
What is the remainder when 118 is divided by (-2*(-5)/(-20))/((-2)/120)?
28
Suppose 5*m - 3*d - 31 = 0, 0 = m - d + 4*d - 17. What is the remainder when m is divided by 7?
1
Let n = 1 + -5. Let r = n + 6. Calculate the remainder when 6 is divided by r.
0
Suppose 2*l - 10 - 2 = 0. Suppose -3*q = -1 + 10, 3*k + 2*q - l = 0. Suppose -5*s = -0*s - 35. Calculate the remainder when s is divided by k.
3
Let t = -41 - -59. What is the remainder when 69 is divided by t?
15
Suppose 3*v - 20 = -0*r - 2*r, 4*r = 4. Calculate the remainder when 11 is divided by v.
5
Suppose 420 = 6*j + 150. What is the remainder when 223 is divided by j?
43
Let v = -6 + 10. Let m(x) = -x**2 - 3*x + 20. Let c be m(-6). Suppose -4*u + 2*u + c = 3*y, -2*y - v*u - 12 = 0. Calculate the remainder when y is divided by 2.
0
Let f = -3 + 6. Let q(s) = 2*s**3 - s**2 + 2*s + 4. Calculate the remainder when q(f) is divided by 19.
17
Suppose 0*z - 9 = -3*z. Suppose 28 = z*u - 137. What is the remainder when u is divided by 19?
17
Let i be 1 + 0 + (-2 - -1). Let a = 0 + i. Let q = 4 + a. Calculate the remainder when 6 is divided by q.
2
Let p(j) = j**3 - j**2 + 4*j - 4. What is the remainder when 101 is divided by p(3)?
23
Let h = 55 - 16. What is the remainder when h is divided by 21?
18
Let v(s) = -2*s + 5*s + 2*s + 0*s - 8. Let l = -9 + 15. What is the remainder when v(l) is divided by 6?
4
Suppose -23 = k - 3*r - 2*r, -k + 3*r - 13 = 0. Suppose 0*f + f + 1 = 0. What is the remainder when -2*((-9)/(-6))/f is divided by k?
1
Let b be 15*(1/(-1))/(-3). Suppose -3*r - 5 + 2 = -b*d, -r - 1 = d. Suppose 2*s - s - 16 = d. What is the remainder when s is divided by 6?
4
Let j = 128 + -74. Let u = -20 - 12. Let t = 51 + u. Calculate the remainder when j is divided by t.
16
Let c(m) = -2*m + 6 + 2*m + m - 18. What is the remainder when 10 is divided by c(16)?
2
Suppose 4*l - 25 = -2*u - 1, 16 = l + 3*u. Suppose 4*j = 3*r + 54, 2*j = -l*r + 10 + 6. Calculate the remainder when 46 is divided by j.
10
Suppose 10 = 2*n - n. Let a(v) = v**2 + 4*v - 1. Let w be a(-4). Calculate the remainder when -1*(w + 48/(-3)) is divided by n.
7
Suppose 4*g = -12, g + 10 = -2*r - 3*g. Let w(s) = -3*s**3 - s**2 + 1. Calculate the remainder when w(-1) is divided by r.
0
Suppose x = 2*o - 2*x - 75, -3*o = 5*x - 122. What is the remainder when o is divided by 3/(-6) + (-817)/(-38)?
18
Suppose 5*k + 11 = -2*z, 2*z + k = -0*z + 9. Calculate the remainder when 34 is divided by z.
6
Let b be (-6)/(-21) + (-183)/(-21). Suppose b = 5*q - 16. Suppose q*o - 3*o = 20. Calculate the remainder when 29 is divided by o.
9
Let s = 28 - -14. Suppose -2*z + 1 = 3*d - 21, z = -d + 9. Calculate the remainder when s is divided by d/30*-3*-55.
20
Let u(i) = i**2 - 4*i - 2. Let f be u(16). Suppose 3*q = -4*n + f, n = 2*n - 4. What is the remainder when q is divided by 12?
10
Suppose -2*r = -3*k + 67, -7*k + r = -2*k - 114. Let j(a) = a**2 + 17*a + 8. Calculate the remainder when k is divided by j(-17).
7
Let p = 239 - 146. Calculate the remainder when p is divided by 16.
13
Let j = -1 - -5. Let q(r) = -5 - 3*r**3 + r**3 + r**3 + 7*r + j*r**2. What is the remainder when q(5) is divided by 3?
2
Let x = 22 - -15. Let h(j) = 2*j**2 - 20*j - 9. What is the remainder when x is divided by h(11)?
11
Let z(t) = 0*t**2 + 8 - t**3 - 5*t**2 + 3*t + 0*t**2 + 3*t. What is the remainder when z(-6) is divided by 3?
2
Let y(j) = 6*j + 4. What is the remainder when y(11) is divided by 18?
16
Let a = 2 + -1. Let b(p) = -3*p - 11. What is the remainder when b(-4) is divided by a?
0
Suppose -4*c + 5 = -3. Suppose a = 3*w + 13, 5*a = 3*a + c*w + 14. Let p = -33 + 39. Calculate the remainder when p is divided by a.
2
Let s = 28 + -16. Suppose -4*x - 12 = -40. What is the remainder when s is divided by x?
5
Suppose 5*f = 4*j + 191, 82 = 2*f - 0*f + 4*j. Suppose l - u + 23 = 3*l, -l + f = -5*u. What is the remainder when l is divided by (-23)/(-5) + (-4)/(-10)?
4
Suppose 0 = -q + 3*q. Suppose -l + 2*l - 6 = q. What is the remainder when 22 is divided by l?
4
Suppose -11*s - 64 = -15*s. What is the remainder when 58 is divided by s?
10
Calculate the remainder when 4/10*(61 + 4) is divided by 14.
12
Let a be -5*2/(-5) + 0. Suppose a = -4*q + 3*b, 2*q + 2*b - 5 = 1. What is the remainder when 3 is divided by q?
0
Let l(x) = 0*x**2 - 5*x - 6 - x**2 - 3*x. Let v = -69 - -74. Calculate the remainder when l(-5) is divided by v.
4
Let x = -5 - -7. Suppose -x*i - 3*i - 4*g + 35 = 0, 0 = 4*i - g - 28. Calculate the remainder when 19 is divided by i.
5
Suppose 3*f = 2*t + 80, -57 = -2*f + 7*t - 2*t. What is the remainder when 49 is divided by f?
23
Let p(i) = 2*i**3 + 2*i - 1. Calculate the remainder when 9 is divided by p(1).
0
Let x(q) = 6*q - 3. Suppose -2*t + 0 = -6. What is the remainder when (726/(-55))/(6/(-20)) is divided by x(t)?
14
Suppose -4*u = 5*x - 27, 2*u - 3*x - 1 = -4. Suppose 0 = u*g - 6 - 33. Let a = 10 + -5. Calculate the remainder when g is divided by a.
3
Suppose 3*s - 18 = 12. Suppose -z = 3*y - 52, -4*z = 2*y - 0*z - 38. What is the remainder when y is divided by s?
7
Suppose -5*v - 3*n + 85 = 0, 3*v - 105 = -2*v + n. What is the remainder when 95 is divided by v?
15
Calculate the remainder when 104 is divided by 303/15 + (-24)/(-30).
20
Suppose 1 = -n + b, -3*n - 2*b + 3 = -3*b. Suppose -7 = -g + 3*w, -12 = -3*g - g - 4*w. What is the remainder when 1 + (-2)/g*-2 is divided by n?
0
Suppose 5*l + 2*r = 5, -5*l + 5*r = 3*r - 25. Suppose -3*y + a = -30, -l*a = -5*y + 2*a + 40. Calculate the remainder when 28 is divided by y.
6
Let j(b) = -b**3 + 6*b**2 - 3*b + 2. Suppose -3*l - 5*c = -161, 3*c - 13 = -1. What is the remainder when l is divided by j(5)?
11
Let l be (-3)/(-5) - 14/(-10). Calculate the remainder when (36/30)/(l/55) is divided by 12.
9
Let v(o) = 7*o**3 - 6*o**2 + 9*o - 3. Calculate the remainder when v(2) is divided by 29.
18
Let k = 6 - 4. Let t = 17 - 2. Calculate the remainder when k is divided by 2/(-4) - t/(-6).
0
Let o = 177 - 97. Suppose j + o = 3*c - 3*j, 0 = 3*c - 3*j - 84. What is the remainder when c is divided by 11?
10
Let y = 10 - -46. What is the remainder when y is divided by 29?
27
Let a(p) = p**2 - 3*p - 1. Let o(w) = w - 1. Let i(z) = a(z) - o(z). Suppose -3*f + 93 = -45. Calculate the remainder when f is divided by i(6).
10
Let v(g) = -g**3 - 3*g**2 + 14*g. Calculate the remainder when 117 is divided by v(-6).
21
Suppose -2*t = -4*t + 18. Let p be -12*-2*(2 + -1). Suppose 2*c - 32 = 5*y, -3*c = 5*y + p - 72. Calculate the remainder when c is divided by t.
7
Let k(h) = 2*h**2. Let a be k(1). Suppose -4*l + 2*l + 91 = 3*x, 33 = x - a*l. Calculate the remainder when x is divided by 11.
9
Suppose -10 = -2*q - z, 2*q = z - 0 + 6. Let y = -23 + 35. Calculate the remainder when y is divided by q.
0
Suppose 4*s - 2*o = 10, 32 = 5*s + o + 3*o. Calculate the remainder when 13 is divided by s.
1
Suppose -4*n - 4*k - 48 = 0, -4*n = -k - k + 24. Let i(q) = q**3 + 8*q**2 - q + 10. What is the remainder when 53 is divided by i(n)?
17
Suppose 5*l = 3*l. Suppose l*r - 2*r + 154 = 0. Calculate the remainder when r is divided by 20.
17
Suppose -2*k + 2*d = -134, -k - 4*d = 3*k - 300. What is the remainder when k is divided by 24?
23
Let x(r) = r**2 + 5*r + 1. Let j be x(-3). Let q = 8 - j. Calculate the remainder when 24 is divided by q.
11
Suppose -3*m = -7*m + 20. Let y(a) = m*a - 5 + a + 3*a. What is the remainder when y(4) is divided by 11?
9
Let o = 6 - 4.